= -m*l + 261. What is the highest common divisor of 10 and l?
10
Let d be (-21)/(-245)*10*91. Let m be (5/(-3))/((-2)/126). Let x = 157 - m. What is the greatest common divisor of x and d?
26
Suppose 1781 = 4*f - 119. Calculate the greatest common factor of 25 and f.
25
Suppose i = 2*s + 4*i - 3456, 5*s + 4*i - 8640 = 0. Suppose 13*b - s = 5*b. Calculate the highest common factor of 27 and b.
27
Let h = 49 - 85. Let j = -22 - h. What is the greatest common factor of j and 7?
7
Suppose w - 3 = 2*h - 16, -3*w - 23 = 2*h. Let y(u) = u**3 + 10*u**2 + 8*u + 12. Let f be y(w). Calculate the greatest common factor of f and 3.
3
Let f be 45/(-30)*3/(3/(-22)). Calculate the greatest common factor of f and 3.
3
Suppose h + 3*x = 39, 5*h - 2*x - 15 = 95. Let f(s) = 28*s + 96. Let p be f(6). Calculate the greatest common factor of p and h.
24
Suppose 5*t - 130 = -j + 4*j, 10 = -2*j. Suppose -2760 = -12*p + 4*p. Suppose -p = -0*d - 5*d. What is the highest common divisor of t and d?
23
Suppose -6*l - 78 = -1458. Suppose -5*n + l + 100 = 0. Suppose -3*y + n = -4*x, -3*y - y + 2*x + 88 = 0. Calculate the highest common divisor of 55 and y.
11
Let j = 855 + -835. What is the highest common factor of j and 1270?
10
Let i = -500 - -512. What is the highest common factor of 510 and i?
6
Let g be 19 + -24 - 282/(-2). What is the greatest common divisor of 8 and g?
8
Suppose 21*y + 70 = 16*y. Let s be (y/(-28))/((-1)/(-6)). Let m be (4/(-5))/((-8)/20). Calculate the greatest common factor of m and s.
1
Suppose 95 = 5*q + 5*h, 5*q - 19 = 5*h + 36. Calculate the greatest common factor of q and 20.
5
Let z(c) = -c + 16. Let h be z(8). Let p(w) = 10*w - 20. Let s be p(4). Calculate the highest common factor of h and s.
4
Suppose 5*x - 1097 = -2*z, -4*x = -5*x - 5. Let m be (-3)/5 - z/(-85). Suppose -2*w + m = w. Calculate the highest common divisor of 16 and w.
2
Let b be (-6)/((-52)/(-20) + -3). Let i(m) = -m + 9. Let y be i(7). Suppose -z = 3*l - 13, -l + y*z = -6*l + 21. What is the greatest common divisor of l and b?
5
Let s = 564 + -563. Calculate the greatest common divisor of 20 and s.
1
Suppose 11*v - 414 - 235 = 0. Calculate the greatest common divisor of 944 and v.
59
Suppose l - 4*d - 859 + 30 = 0, 2466 = 3*l - 5*d. What is the highest common factor of l and 38?
19
Let c(y) = -4*y**2 - 16*y - 20. Let j be c(-6). Let n = -52 - j. What is the highest common factor of n and 176?
16
Let l(f) = -f**2 + 23*f - 63. Let z be l(4). Calculate the highest common divisor of 741 and z.
13
Let l be ((-16)/(-6))/((-2)/(-84)). Suppose 5*s + j - 72 = 0, 0*s = 2*s - j - 26. Calculate the highest common factor of l and s.
14
Let z = 150 - 86. Let x = -2718 + 2726. Calculate the greatest common divisor of x and z.
8
Let u = 3 - -2. Let p = -129 - -194. Suppose 5*i - 4*m = 64, p = i + 4*i - u*m. Calculate the highest common factor of i and 8.
4
Let x be 30/8 - 66/88. Let l(k) = 32*k + 16. Let y be l(x). What is the greatest common divisor of y and 16?
16
Let c(l) be the third derivative of -l**6/120 + 2*l**5/15 - l**4/3 - 2*l**3/3 + 11*l**2. Let j be c(6). Calculate the greatest common divisor of j and 20.
20
Let l(i) = -3 + 0 + 0 - 2*i + 9. Let u be l(-6). Calculate the greatest common divisor of 90 and u.
18
Let p(s) = -s**3 + 5*s**2 - 5*s + 3. Let g be p(3). Let v be 17 + -1 + -6 + g. Suppose -7*r + 5*r + 80 = 0. Calculate the highest common divisor of v and r.
8
Let x(o) = o**2 + o - 1. Let s(h) = -5*h**2 + 2*h + 2. Let q(z) = s(z) + 6*x(z). Let y be q(-10). What is the highest common divisor of 2 and y?
2
Let g be (-3)/(-2)*184/12. Calculate the highest common divisor of g and 368.
23
Let g(m) = m + 6. Let p be g(9). Suppose 5*s - p = -5*x, 3*x = 5*s + 4*x - 35. What is the highest common factor of 20 and s?
4
Suppose 0 = -k + 1 - 12. Suppose 4*h = -4*f - 6 - 66, 88 = -5*f - 3*h. Let t = k - f. Calculate the greatest common factor of 12 and t.
6
Let q = 26 + -34. Let w be 2/q + 594/72. Calculate the greatest common divisor of w and 48.
8
Let g = 14 + -3. Suppose 6*r = 4*r + 704. Suppose 0*h - r = -4*h. What is the greatest common divisor of h and g?
11
Suppose -3816 + 768 = 6*f. Let d be (-1)/7 + 4/((-112)/f). What is the greatest common divisor of 27 and d?
9
Suppose 0 = 754*r - 745*r - 810. Calculate the greatest common divisor of 20 and r.
10
Let s = -1428 - -1509. What is the highest common factor of s and 12?
3
Suppose 5*z + 83 = 3*f - f, -f + 44 = -3*z. What is the greatest common divisor of 87 and f?
29
Let w be 192/14 + (216/63)/12. Calculate the greatest common factor of 245 and w.
7
Let a(u) = u**3 + 7*u**2 - 6*u + 19. Let t be (-6)/30 + (-39)/5. Let o be a(t). What is the greatest common divisor of o and 15?
3
Let f be 6/4 - (-205)/(-10). Let y = f + 39. What is the highest common factor of 120 and y?
20
Suppose -w = f + 47, 2*w - 4*f + 8 = -56. Let s be (-1)/(1 + w/39). Calculate the highest common divisor of s and 78.
13
Suppose -13 + 37 = 4*p. Suppose h + 300 = p*h. What is the greatest common factor of 12 and h?
12
Let l(w) = 6*w. Let a be l(6). Let d = 48 - a. Let r be 3/(6/10) + -1. What is the highest common factor of d and r?
4
Let n(m) = -10*m - 8. Let i be n(-6). Suppose -1022*k - 234 = -1028*k. What is the greatest common divisor of i and k?
13
Let y(i) = -i**3 - 25*i**2 + 27*i + 40. Let x be y(-26). What is the greatest common divisor of x and 350?
14
Let r(m) = m**3 + 2*m. Let k be r(2). Let y = 4323 + -2859. Suppose 13*w - y = 252. Calculate the highest common factor of w and k.
12
Let x be 4/2 - (2 - 2). Suppose -5*c - u + 31 = -4*c, -u = -x*c + 77. What is the highest common divisor of 48 and c?
12
Let k = -27 + 31. Suppose k*f + 64 = 2*d, -3*f + 57 = 5*d - 3*d. What is the greatest common factor of 20 and d?
10
Let l = -29 + 41. Suppose -4*j + 2*z + 393 = -z, -3*z + 87 = j. Calculate the highest common divisor of l and j.
12
Suppose 2*x + 8 = 16. Suppose 2*c = x*c - 12. Let m(b) = b**3 - 5*b**2 - 7*b + 9. Let r be m(c). Calculate the greatest common factor of 21 and r.
3
Suppose -113739 = -54*j - 23883. Calculate the highest common factor of 52 and j.
52
Let g(h) = h**2 + 11*h - 27. Let j be g(-11). Let u = 36 - j. Calculate the greatest common factor of u and 9.
9
Let d(s) = -4*s + 232. Let y be d(-10). What is the highest common divisor of y and 17?
17
Suppose 3*a + 20 = -a. Let g be (2/a)/((-4)/680). Let z be 19/(-76) + -2*(-207)/24. What is the greatest common factor of z and g?
17
Let w be 81/(-6)*22/(-3). Suppose 0 = 3*m - 4*m + 48. Suppose 5*c - 7 = m. What is the highest common divisor of w and c?
11
Let i(x) = 6*x + 1 + 2 - 4*x**3 + 3*x**3 - x**2. Let n be i(-4). Let c be 0 + -4 + 21 - 4/(-4). What is the highest common factor of c and n?
9
Let l be 4 + -2 - (-2 - 1). Suppose -l*z + 129 = -2*z. Calculate the greatest common factor of 387 and z.
43
Let y be 17 + 6/(3 - 0). Let z = -73 - -111. What is the greatest common factor of z and y?
19
Suppose 5*k + 8*a = 3*a - 50, 0 = -k + a - 4. Let t = 57 + k. Calculate the highest common divisor of t and 20.
10
Suppose -a = -5*a + 312. Let g = 130 - a. Calculate the highest common divisor of g and 13.
13
Suppose 36 = 4*l - 12. Let m(o) = 15*o + 30. Let z be m(6). What is the highest common factor of l and z?
12
Suppose 20 = -f + 3*s + 84, -2*s - 266 = -4*f. Calculate the greatest common factor of f and 201.
67
Let h = 529 + -463. What is the greatest common divisor of h and 231?
33
Let y be (31 - 3)/(791/112 + -7). Calculate the greatest common factor of 560 and y.
112
Let w(a) = -5*a**2 + 161*a + 31. Let k be w(32). Calculate the greatest common factor of 336 and k.
21
Suppose -3*w + 70 = 4*c - 69, 49 = w + 4*c. Let q be ((-30)/(-9))/(10/w). Let d be (-15)/(-1 - 4/(-5)). What is the greatest common divisor of d and q?
15
Suppose 3*n = 5*n - 48. Let w = 60 + 0. Calculate the highest common factor of w and n.
12
Let v be -1 + 1/((-7)/(-252)). Calculate the greatest common divisor of 175 and v.
35
Suppose 4*t - 923 + 379 = 2*b, -2*b = t - 131. Suppose -8*d = -5*d - t. What is the greatest common divisor of d and 18?
9
Suppose l + 1 = 0, -4*r + l - 6*l = -895. Suppose -8*w = -5*w - 7*k - 117, 0 = 5*k + 30. Calculate the greatest common factor of r and w.
25
Suppose 2850 = 57*q - 0*q. What is 